)/15 is divided by 17.
10
Let c = -82 + 93. Calculate the remainder when 28 is divided by c.
6
Suppose 36 = d + 2*f, -7*d + 3*d - f + 130 = 0. Calculate the remainder when 127 is divided by d.
31
Let d(i) = i**3 + i**2 + 6. What is the remainder when d(0) is divided by 4?
2
Suppose -2*u = 2*u - 72. What is the remainder when u is divided by (-105)/(-25) - (-1)/(-5)?
2
Let f be 12/(-5)*(1 + -6). Suppose r = 5, r = b + 3*r - f. What is the remainder when 7 is divided by b?
1
Let r(n) = -n. Let y be r(-2). Suppose -y*s - 3*w - 2*w + 27 = 0, -3*s - w = -8. Let u(l) = 7*l. Calculate the remainder when 13 is divided by u(s).
6
Calculate the remainder when 75 is divided by ((-2)/2)/(8/(-208)).
23
Let c(k) = -6*k**2 - 3*k + 4. Let l be c(-3). Calculate the remainder when 1/((-124)/l - 3) is divided by 21.
20
Suppose -6*i - 40 = -11*i. Calculate the remainder when 38 is divided by i.
6
Suppose -98 = -4*w - 38. Calculate the remainder when 1065/25 + (-2)/(-5) is divided by w.
13
Let k(m) = 5*m + 1. Suppose 86 = 2*y + 24. Calculate the remainder when y is divided by k(2).
9
Suppose -7*p + 5*p = -28. What is the remainder when p is divided by 3?
2
Let k(b) = b**3 + 6*b**2 - 3*b - 7. What is the remainder when (-1)/(-3) + (-4 - (-71)/3) is divided by k(-6)?
9
Let g(h) = -7*h**2 + h. Let u be g(-1). Let f = -1 - u. What is the remainder when f is divided by 3?
1
Let s = -12 - -18. Let f = 26 - 3. Calculate the remainder when f is divided by s.
5
Let t(w) = w**2 - 6*w + 4. Let c be t(6). Suppose 0 = -c*a + 6 + 10. What is the remainder when 11 is divided by a?
3
Let x = 18 - 2. Suppose 4*f + 12 = 0, 5*f + x + 71 = 4*q. What is the remainder when 34 is divided by q?
16
Suppose 2*r = -2*r + 104. Let o be ((-2)/(-6))/(1/33). Let x = -2 + o. Calculate the remainder when r is divided by x.
8
Suppose 3*v + 1 = 4, 2*v - 26 = -4*i. What is the remainder when i is divided by -4 + (4/4 - -5)?
0
Let s(p) = 90*p**2 + p - 1. Let f = 52 - 29. What is the remainder when s(1) is divided by f?
21
Let d(x) = x**2 + 4*x - 8. Let b be d(-6). Suppose 3*n - 39 = -z + 1, -n + b*z = -9. Let g = 24 - n. Calculate the remainder when g is divided by 3.
2
Suppose 3*t - 28 = 2*t. Let v = t - -14. Suppose 5*g - 8 = -b, 3*b + 3*g = -6 + v. What is the remainder when 24 is divided by b?
11
Let c = 47 + -76. Let h = c + 40. Calculate the remainder when h is divided by 7.
4
Suppose 0 = 3*j - j - 30. Calculate the remainder when 13 is divided by (-56)/(-10) + (-9)/j.
3
Let q = 44 + 28. Suppose -5*k + q = -k. What is the remainder when 52 is divided by k?
16
Suppose 5*l = 4*l + 20. Suppose -2*s = -130 - l. Suppose 4*k - 5*o = 5*k - 15, 5*k = 2*o + s. Calculate the remainder when 44 is divided by k.
14
Let u = 77 + -20. Let b be 1/2 - (-51)/2. Let x = u - b. Calculate the remainder when x is divided by 11.
9
Let r = 27 + -6. Suppose 14 + r = 5*y. What is the remainder when y is divided by 3?
1
Suppose -4*k = -k - 45. Suppose -f = -0*f - k. Let h(u) = -2*u**3 + 2*u - 4. Calculate the remainder when h(-3) is divided by f.
14
Suppose 2*m + 0*z - 3*z = -2, 2*z + 6 = 5*m. Suppose -o + 3*o = 5*r - 30, -2*o = -r - m. What is the remainder when r is divided by 5?
3
Suppose -4*g + 5 = -3*g. Calculate the remainder when 16 is divided by g.
1
Let i = 171 + -95. What is the remainder when i is divided by 39?
37
Suppose -4*k + 28 = m + 5, 25 = 5*k. Suppose m = 5*j - 22. Calculate the remainder when 2 + -1*(1 + -13) is divided by j.
4
Let k = 76 - 44. What is the remainder when 92 is divided by k?
28
Let v = -11 - -9. What is the remainder when 25 is divided by -1 - (-13 - (-1 - v))?
12
Suppose 0 = n - 3*v - 23, 2*n - v - 53 = -2*v. Suppose 2*q = -2*q + 200. Calculate the remainder when q is divided by n.
24
Let l(v) = -v + 5. Let q be l(-9). Let n = q - 10. Calculate the remainder when 5 is divided by n.
1
Let x = -9 - -33. Calculate the remainder when 93 is divided by x.
21
Let r = -15 + 20. Suppose -38 = -2*q + r*l, 2*q - 26 = -5*l + 4*l. Calculate the remainder when 25 is divided by q.
11
Let c = 10 - 0. What is the remainder when c is divided by 6?
4
Suppose 0 = -2*i - 2*z - 42, -i - 91 = 2*i - 4*z. Let u = 1 - i. Calculate the remainder when 51 is divided by u.
25
Suppose 9*p - 10*p - 6 = 0. Let c be 2/p*(-3 - 9). Suppose 0 = -c*z + 4*v + 188, 93 = z + 3*v + 26. Calculate the remainder when z is divided by 27.
25
Let j be ((-4)/(-6))/((-10)/75). Let p = j - -9. What is the remainder when (-2 + 5)/(-3) + 7 is divided by p?
2
Let t(h) = h**2 - 5*h - 8. Let c(s) = 11*s**2 - 2*s - 2. Calculate the remainder when c(-2) is divided by t(8).
14
Calculate the remainder when ((-12)/(-2))/((8/19)/4) is divided by (-1)/(0 - -1) - -16.
12
Let b(a) = a**3 - 10*a**2 + 5*a - 3. Let i(s) = 2*s**2 - s + 4. Let y be i(2). Calculate the remainder when b(y) is divided by 16.
15
Let i(o) = 4*o + 77. Calculate the remainder when 48 is divided by i(-16).
9
Suppose -2*y - 5 - 11 = -2*c, 5*c - 35 = 4*y. Suppose 3*d = -l + 29, -d + 0*d + c*l - 7 = 0. What is the remainder when 21 is divided by d?
5
Let u(b) = b**3 - 5*b**2 - 3*b - 2. Suppose -i + 50 = x, 7*i + 4*x - 247 = 2*i. What is the remainder when i is divided by u(6)?
15
Calculate the remainder when 152 is divided by 1/3*(43 + 8).
16
Let f(h) = h - h**2 - 2*h - h. Let m be f(-4). Let x = m + 39. Calculate the remainder when x is divided by 11.
9
Let k(p) = p - 1. Let o(y) = y**2 + 7*y + 6. Let f(c) = -5*k(c) - o(c). Suppose -60 + 12 = -4*q. What is the remainder when f(-7) is divided by q?
10
Let x = 79 - 51. Let f = 0 - -10. What is the remainder when x is divided by f?
8
Let n = 119 + -112. Calculate the remainder when 18 is divided by n.
4
Suppose 2*q - 4*q + 12 = 0. Calculate the remainder when 30 is divided by (1 - -1) + 3 + q.
8
Let d(m) = -16*m - 4. Let o be d(-4). Let i be (-1)/2*2*-1. Suppose 5*k + 3*b = o, -b + 3*b = k + i. Calculate the remainder when 17 is divided by k.
8
Let h(v) = -2*v + 20. Calculate the remainder when h(7) is divided by 4.
2
Suppose -q + 12*q - 66 = 0. Calculate the remainder when 15 is divided by q.
3
Let o = 14 - 15. What is the remainder when 55 is divided by ((-152)/(-16))/(o/(-2))?
17
Let f = 0 + 1. Suppose -3*c - 4*j = 0, -3*c + f = c + 5*j. What is the remainder when 34/c - (-2)/(-4) is divided by 5?
3
Suppose -h = -2*h + 2, 0 = -u - h + 27. Let x = -8 + 2. Let n(o) = o**2 + 4*o - 3. What is the remainder when u is divided by n(x)?
7
Let z(u) = u**2 - 5*u + 1. Let w be z(5). Suppose 61 = 5*i + w. Calculate the remainder when 21 is divided by i.
9
Suppose -2*h = -3*x + 42, -h = 5*x - 5*h - 70. Suppose 3*d = -70 + 190. What is the remainder when d is divided by x?
12
Let d(n) = 2*n**2 - n - 5. Let l be d(6). Let j = 105 - l. Calculate the remainder when j is divided by 15.
14
Let g(r) = 3*r + 5*r - 5 - 6*r. Suppose 4*l + 2 = 34. Calculate the remainder when 21 is divided by g(l).
10
Let v = -4 - -4. Let h = 11 - v. What is the remainder when h is divided by 6?
5
Suppose -2*u = -91 - 29. Suppose -3*y + v = -20 - u, 0 = 3*v + 6. Calculate the remainder when y is divided by 10.
6
Let m(n) = -n**2 - 4*n - 6*n + 0*n + 4. What is the remainder when 49 is divided by m(-9)?
10
Suppose 11*c = 17*c - 150. Suppose x - 4*f = 5, 5*x + 2*f = 3*f + 63. What is the remainder when c is divided by x?
12
Suppose i - 2 = 3*i. Calculate the remainder when (6/i)/((-3)/6) is divided by 5.
2
Let l = 27 + -57. Let w be (6/4)/((-9)/l). Suppose 10*u = w*u + 205. Calculate the remainder when u is divided by 14.
13
Calculate the remainder when -1 - -43 - (-3 - -2) is divided by 2*(2/(-2) - -12).
21
Suppose 5*u - 3*o = -2*o + 18, -5*u + 27 = -4*o. Let j(z) = z**2 + 3*z**2 - z**u - 5*z + 12*z. Calculate the remainder when 28 is divided by j(5).
8
Let w(n) = 2*n**2 - 5*n - 1. Let x be w(4). Let y = 19 - x. What is the remainder when 15 is divided by y?
7
Let f = 15 - 11. What is the remainder when 2 - ((-10)/2 + 0) is divided by f?
3
Suppose -200 = -12*u + 88. Calculate the remainder when 285 is divided by u.
21
Let m = 0 + 0. Suppose 2*d + m*d - 70 = 0. Calculate the remainder when d is divided by 18.
17
Suppose -4*k = k + 2*f - 20, 2*f = -2*k + 14. Suppose -x + k + 25 = 0. Suppose u - 6*u = -70. Calculate the remainder when x is divided by u.
13
Let s(o) = -2